{"id":13,"date":"2017-08-22T18:55:33","date_gmt":"2017-08-22T16:55:33","guid":{"rendered":"https:\/\/ferien-berguen.ch\/?page_id=13"},"modified":"2024-12-04T12:09:32","modified_gmt":"2024-12-04T11:09:32","slug":"wohnungen","status":"publish","type":"page","link":"https:\/\/ferien-berguen.ch\/index.php\/wohnungen\/","title":{"rendered":"Wohnungen"},"content":{"rendered":"<p><span class=\"st\">Unsere beiden Ferienwohnungen sind im Nebengeb\u00e4ude des ehemaligen Sporthotels \u2013 direkt am Fu\u00dfe der beiden Schlittenbahnen Preda-Berg\u00fcn und Darlux-Berg\u00fcn.<\/span> Eine ist etwas kleiner, f\u00fcr 2 Erwachsene und ein Kind und eine gr\u00f6\u00dfere ebenfalls mit Platz bis zu drei Personen, mit separatem Schlafzimmer. Beide sind komplett ausgestattet, verf\u00fcgen \u00fcber Fu\u00dfbodenheizung UND Kamin. Auf beiden Terrassen \u2013 die Wohnungen liegen im Erdgeschoss nebeneinander \u2013 genie\u00dfen Sie den unverbauten Blick auf die herrliche Natur.<\/p>\n<p>Wenn Sie in unseren Wohnungen in der Schweiz angekommen sind, k\u00f6nnen Sie das Auto tagelang stehen lassen. Parkm\u00f6glichkeiten gibt es\u00a0vor dem Haus. Alternativ k\u00f6nnen Sie auch einen Tiefgaragenplatz f\u00fcr 8 CHF pro Tag mieten.<\/p>\n<p>Sollten Sie mit dem Zug anreisen, k\u00f6nnen Sie die Wohnung zu Fu\u00df in ca. 10 Minuten erreichen. Sollten Sie viel Gep\u00e4ck haben, empfehlen wir ein Taxi.<\/p>\n<p>Sie reisen mit der Familie oder mit Freunden? Platz ist in jeder Wohnung f\u00fcr eine bis vier Personen. Es k\u00f6nnen nat\u00fcrlich auch beide Wohnungen zusammen gemietet werden. Haustiere sind nach Absprache erlaubt.<\/p>\n","protected":false},"excerpt":{"rendered":"<p>Unsere beiden Ferienwohnungen sind im Nebengeb\u00e4ude des ehemaligen Sporthotels \u2013 direkt am Fu\u00dfe der beiden Schlittenbahnen Preda-Berg\u00fcn und Darlux-Berg\u00fcn. Eine ist etwas kleiner, f\u00fcr 2 Erwachsene und ein Kind und eine gr\u00f6\u00dfere ebenfalls mit Platz bis zu drei Personen, mit separatem Schlafzimmer. Beide sind komplett ausgestattet, verf\u00fcgen \u00fcber Fu\u00dfbodenheizung UND Kamin. Auf beiden Terrassen \u2013 [&hellip;]<\/p>\n","protected":false},"author":1,"featured_media":27,"parent":0,"menu_order":0,"comment_status":"closed","ping_status":"closed","template":"","meta":{"pgc_sgb_lightbox_settings":"","footnotes":""},"class_list":["post-13","page","type-page","status-publish","has-post-thumbnail","hentry"],"yoast_head":"<!-- This site is optimized with the Yoast SEO plugin v23.5 - https:\/\/yoast.com\/wordpress\/plugins\/seo\/ -->\n<title>Wohnungen - Ferien Berg\u00fcn<\/title>\n<meta name=\"robots\" content=\"index, follow, max-snippet:-1, max-image-preview:large, max-video-preview:-1\" \/>\n<link rel=\"canonical\" href=\"https:\/\/ferien-berguen.ch\/index.php\/wohnungen\/\" \/>\n<meta property=\"og:locale\" content=\"de_DE\" \/>\n<meta property=\"og:type\" content=\"article\" \/>\n<meta property=\"og:title\" content=\"Wohnungen - Ferien Berg\u00fcn\" \/>\n<meta property=\"og:description\" content=\"Unsere beiden Ferienwohnungen sind im Nebengeb\u00e4ude des ehemaligen Sporthotels \u2013 direkt am Fu\u00dfe der beiden Schlittenbahnen Preda-Berg\u00fcn und Darlux-Berg\u00fcn. Eine ist etwas kleiner, f\u00fcr 2 Erwachsene und ein Kind und eine gr\u00f6\u00dfere ebenfalls mit Platz bis zu drei Personen, mit separatem Schlafzimmer. Beide sind komplett ausgestattet, verf\u00fcgen \u00fcber Fu\u00dfbodenheizung UND Kamin. Auf beiden Terrassen \u2013 [&hellip;]\" \/>\n<meta property=\"og:url\" content=\"https:\/\/ferien-berguen.ch\/index.php\/wohnungen\/\" \/>\n<meta property=\"og:site_name\" content=\"Ferien Berg\u00fcn\" \/>\n<meta property=\"article:modified_time\" content=\"2024-12-04T11:09:32+00:00\" \/>\n<meta property=\"og:image\" content=\"https:\/\/ferien-berguen.ch\/wp-content\/uploads\/2017\/08\/JD600465-5.jpg\" \/>\n\t<meta property=\"og:image:width\" content=\"2816\" \/>\n\t<meta property=\"og:image:height\" content=\"1882\" \/>\n\t<meta property=\"og:image:type\" content=\"image\/jpeg\" \/>\n<meta name=\"twitter:card\" content=\"summary_large_image\" \/>\n<meta name=\"twitter:label1\" content=\"Gesch\u00e4tzte Lesezeit\" \/>\n\t<meta name=\"twitter:data1\" content=\"2\u00a0Minuten\" \/>\n<script type=\"application\/ld+json\" class=\"yoast-schema-graph\">{\"@context\":\"https:\/\/schema.org\",\"@graph\":[{\"@type\":\"WebPage\",\"@id\":\"https:\/\/ferien-berguen.ch\/index.php\/wohnungen\/\",\"url\":\"https:\/\/ferien-berguen.ch\/index.php\/wohnungen\/\",\"name\":\"Wohnungen - Ferien Berg\u00fcn\",\"isPartOf\":{\"@id\":\"https:\/\/ferien-berguen.ch\/#website\"},\"primaryImageOfPage\":{\"@id\":\"https:\/\/ferien-berguen.ch\/index.php\/wohnungen\/#primaryimage\"},\"image\":{\"@id\":\"https:\/\/ferien-berguen.ch\/index.php\/wohnungen\/#primaryimage\"},\"thumbnailUrl\":\"https:\/\/ferien-berguen.ch\/wp-content\/uploads\/2017\/08\/JD600465-5.jpg\",\"datePublished\":\"2017-08-22T16:55:33+00:00\",\"dateModified\":\"2024-12-04T11:09:32+00:00\",\"breadcrumb\":{\"@id\":\"https:\/\/ferien-berguen.ch\/index.php\/wohnungen\/#breadcrumb\"},\"inLanguage\":\"de\",\"potentialAction\":[{\"@type\":\"ReadAction\",\"target\":[\"https:\/\/ferien-berguen.ch\/index.php\/wohnungen\/\"]}]},{\"@type\":\"ImageObject\",\"inLanguage\":\"de\",\"@id\":\"https:\/\/ferien-berguen.ch\/index.php\/wohnungen\/#primaryimage\",\"url\":\"https:\/\/ferien-berguen.ch\/wp-content\/uploads\/2017\/08\/JD600465-5.jpg\",\"contentUrl\":\"https:\/\/ferien-berguen.ch\/wp-content\/uploads\/2017\/08\/JD600465-5.jpg\",\"width\":2816,\"height\":1882,\"caption\":\"Haus - Au\u00dfen - Sommer\"},{\"@type\":\"BreadcrumbList\",\"@id\":\"https:\/\/ferien-berguen.ch\/index.php\/wohnungen\/#breadcrumb\",\"itemListElement\":[{\"@type\":\"ListItem\",\"position\":1,\"name\":\"Startseite\",\"item\":\"https:\/\/ferien-berguen.ch\/\"},{\"@type\":\"ListItem\",\"position\":2,\"name\":\"Wohnungen\"}]},{\"@type\":\"WebSite\",\"@id\":\"https:\/\/ferien-berguen.ch\/#website\",\"url\":\"https:\/\/ferien-berguen.ch\/\",\"name\":\"Ferien Berg\u00fcn\",\"description\":\"Ferienwohnung in der Schweiz von privat mieten\",\"publisher\":{\"@id\":\"https:\/\/ferien-berguen.ch\/#organization\"},\"potentialAction\":[{\"@type\":\"SearchAction\",\"target\":{\"@type\":\"EntryPoint\",\"urlTemplate\":\"https:\/\/ferien-berguen.ch\/?s={search_term_string}\"},\"query-input\":{\"@type\":\"PropertyValueSpecification\",\"valueRequired\":true,\"valueName\":\"search_term_string\"}}],\"inLanguage\":\"de\"},{\"@type\":\"Organization\",\"@id\":\"https:\/\/ferien-berguen.ch\/#organization\",\"name\":\"Ferien Berg\u00fcn\",\"url\":\"https:\/\/ferien-berguen.ch\/\",\"logo\":{\"@type\":\"ImageObject\",\"inLanguage\":\"de\",\"@id\":\"https:\/\/ferien-berguen.ch\/#\/schema\/logo\/image\/\",\"url\":\"https:\/\/ferien-berguen.ch\/wp-content\/uploads\/2017\/09\/f535cbe0-5bd7-479f-b0c9-c1f174eba5c9.png\",\"contentUrl\":\"https:\/\/ferien-berguen.ch\/wp-content\/uploads\/2017\/09\/f535cbe0-5bd7-479f-b0c9-c1f174eba5c9.png\",\"width\":200,\"height\":200,\"caption\":\"Ferien Berg\u00fcn\"},\"image\":{\"@id\":\"https:\/\/ferien-berguen.ch\/#\/schema\/logo\/image\/\"}}]}<\/script>\n<!-- \/ Yoast SEO plugin. -->","yoast_head_json":{"title":"Wohnungen - Ferien Berg\u00fcn","robots":{"index":"index","follow":"follow","max-snippet":"max-snippet:-1","max-image-preview":"max-image-preview:large","max-video-preview":"max-video-preview:-1"},"canonical":"https:\/\/ferien-berguen.ch\/index.php\/wohnungen\/","og_locale":"de_DE","og_type":"article","og_title":"Wohnungen - Ferien Berg\u00fcn","og_description":"Unsere beiden Ferienwohnungen sind im Nebengeb\u00e4ude des ehemaligen Sporthotels \u2013 direkt am Fu\u00dfe der beiden Schlittenbahnen Preda-Berg\u00fcn und Darlux-Berg\u00fcn. Eine ist etwas kleiner, f\u00fcr 2 Erwachsene und ein Kind und eine gr\u00f6\u00dfere ebenfalls mit Platz bis zu drei Personen, mit separatem Schlafzimmer. Beide sind komplett ausgestattet, verf\u00fcgen \u00fcber Fu\u00dfbodenheizung UND Kamin. Auf beiden Terrassen \u2013 [&hellip;]","og_url":"https:\/\/ferien-berguen.ch\/index.php\/wohnungen\/","og_site_name":"Ferien Berg\u00fcn","article_modified_time":"2024-12-04T11:09:32+00:00","og_image":[{"width":2816,"height":1882,"url":"https:\/\/ferien-berguen.ch\/wp-content\/uploads\/2017\/08\/JD600465-5.jpg","type":"image\/jpeg"}],"twitter_card":"summary_large_image","twitter_misc":{"Gesch\u00e4tzte Lesezeit":"2\u00a0Minuten"},"schema":{"@context":"https:\/\/schema.org","@graph":[{"@type":"WebPage","@id":"https:\/\/ferien-berguen.ch\/index.php\/wohnungen\/","url":"https:\/\/ferien-berguen.ch\/index.php\/wohnungen\/","name":"Wohnungen - Ferien Berg\u00fcn","isPartOf":{"@id":"https:\/\/ferien-berguen.ch\/#website"},"primaryImageOfPage":{"@id":"https:\/\/ferien-berguen.ch\/index.php\/wohnungen\/#primaryimage"},"image":{"@id":"https:\/\/ferien-berguen.ch\/index.php\/wohnungen\/#primaryimage"},"thumbnailUrl":"https:\/\/ferien-berguen.ch\/wp-content\/uploads\/2017\/08\/JD600465-5.jpg","datePublished":"2017-08-22T16:55:33+00:00","dateModified":"2024-12-04T11:09:32+00:00","breadcrumb":{"@id":"https:\/\/ferien-berguen.ch\/index.php\/wohnungen\/#breadcrumb"},"inLanguage":"de","potentialAction":[{"@type":"ReadAction","target":["https:\/\/ferien-berguen.ch\/index.php\/wohnungen\/"]}]},{"@type":"ImageObject","inLanguage":"de","@id":"https:\/\/ferien-berguen.ch\/index.php\/wohnungen\/#primaryimage","url":"https:\/\/ferien-berguen.ch\/wp-content\/uploads\/2017\/08\/JD600465-5.jpg","contentUrl":"https:\/\/ferien-berguen.ch\/wp-content\/uploads\/2017\/08\/JD600465-5.jpg","width":2816,"height":1882,"caption":"Haus - Au\u00dfen - Sommer"},{"@type":"BreadcrumbList","@id":"https:\/\/ferien-berguen.ch\/index.php\/wohnungen\/#breadcrumb","itemListElement":[{"@type":"ListItem","position":1,"name":"Startseite","item":"https:\/\/ferien-berguen.ch\/"},{"@type":"ListItem","position":2,"name":"Wohnungen"}]},{"@type":"WebSite","@id":"https:\/\/ferien-berguen.ch\/#website","url":"https:\/\/ferien-berguen.ch\/","name":"Ferien Berg\u00fcn","description":"Ferienwohnung in der Schweiz von privat mieten","publisher":{"@id":"https:\/\/ferien-berguen.ch\/#organization"},"potentialAction":[{"@type":"SearchAction","target":{"@type":"EntryPoint","urlTemplate":"https:\/\/ferien-berguen.ch\/?s={search_term_string}"},"query-input":{"@type":"PropertyValueSpecification","valueRequired":true,"valueName":"search_term_string"}}],"inLanguage":"de"},{"@type":"Organization","@id":"https:\/\/ferien-berguen.ch\/#organization","name":"Ferien Berg\u00fcn","url":"https:\/\/ferien-berguen.ch\/","logo":{"@type":"ImageObject","inLanguage":"de","@id":"https:\/\/ferien-berguen.ch\/#\/schema\/logo\/image\/","url":"https:\/\/ferien-berguen.ch\/wp-content\/uploads\/2017\/09\/f535cbe0-5bd7-479f-b0c9-c1f174eba5c9.png","contentUrl":"https:\/\/ferien-berguen.ch\/wp-content\/uploads\/2017\/09\/f535cbe0-5bd7-479f-b0c9-c1f174eba5c9.png","width":200,"height":200,"caption":"Ferien Berg\u00fcn"},"image":{"@id":"https:\/\/ferien-berguen.ch\/#\/schema\/logo\/image\/"}}]}},"_links":{"self":[{"href":"https:\/\/ferien-berguen.ch\/index.php\/wp-json\/wp\/v2\/pages\/13","targetHints":{"allow":["GET"]}}],"collection":[{"href":"https:\/\/ferien-berguen.ch\/index.php\/wp-json\/wp\/v2\/pages"}],"about":[{"href":"https:\/\/ferien-berguen.ch\/index.php\/wp-json\/wp\/v2\/types\/page"}],"author":[{"embeddable":true,"href":"https:\/\/ferien-berguen.ch\/index.php\/wp-json\/wp\/v2\/users\/1"}],"replies":[{"embeddable":true,"href":"https:\/\/ferien-berguen.ch\/index.php\/wp-json\/wp\/v2\/comments?post=13"}],"version-history":[{"count":7,"href":"https:\/\/ferien-berguen.ch\/index.php\/wp-json\/wp\/v2\/pages\/13\/revisions"}],"predecessor-version":[{"id":20653,"href":"https:\/\/ferien-berguen.ch\/index.php\/wp-json\/wp\/v2\/pages\/13\/revisions\/20653"}],"wp:featuredmedia":[{"embeddable":true,"href":"https:\/\/ferien-berguen.ch\/index.php\/wp-json\/wp\/v2\/media\/27"}],"wp:attachment":[{"href":"https:\/\/ferien-berguen.ch\/index.php\/wp-json\/wp\/v2\/media?parent=13"}],"curies":[{"name":"wp","href":"https:\/\/api.w.org\/{rel}","templated":true}]}}

<p><span class="st">Unsere beiden Ferienwohnungen sind im Nebengebäude des ehemaligen Sporthotels – direkt am Fuße der beiden Schlittenbahnen Preda-Bergün und Darlux-Bergün.</span> Eine ist etwas kleiner, für 2 Erwachsene und ein Kind und eine größere ebenfalls mit Platz bis zu drei Personen, mit separatem Schlafzimmer. Beide sind komplett ausgestattet, verfügen über Fußbodenheizung UND Kamin. Auf beiden Terrassen – die Wohnungen liegen im Erdgeschoss nebeneinander – genießen Sie den unverbauten Blick auf die herrliche Natur.</p>
<p>Wenn Sie in unseren Wohnungen in der Schweiz angekommen sind, können Sie das Auto tagelang stehen lassen. Parkmöglichkeiten gibt es vor dem Haus. Alternativ können Sie auch einen Tiefgaragenplatz für 8 CHF pro Tag mieten.</p>
<p>Sollten Sie mit dem Zug anreisen, können Sie die Wohnung zu Fuß in ca. 10 Minuten erreichen. Sollten Sie viel Gepäck haben, empfehlen wir ein Taxi.</p>
<p>Sie reisen mit der Familie oder mit Freunden? Platz ist in jeder Wohnung für eine bis vier Personen. Es können natürlich auch beide Wohnungen zusammen gemietet werden. Haustiere sind nach Absprache erlaubt.</p>

<p>Unsere beiden Ferienwohnungen sind im Nebengebäude des ehemaligen Sporthotels – direkt am Fuße der beiden Schlittenbahnen Preda-Bergün und Darlux-Bergün. Eine ist etwas kleiner, für 2 Erwachsene und ein Kind und eine größere ebenfalls mit Platz bis zu drei Personen, mit separatem Schlafzimmer. Beide sind komplett ausgestattet, verfügen über Fußbodenheizung UND Kamin. Auf beiden Terrassen – [&hellip;]</p>

<!-- This site is optimized with the Yoast SEO plugin v23.5 - https://yoast.com/wordpress/plugins/seo/ -->
<title>Wohnungen - Ferien Bergün</title>
<meta name="robots" content="index, follow, max-snippet:-1, max-image-preview:large, max-video-preview:-1" />
<link rel="canonical" href="https://ferien-berguen.ch/index.php/wohnungen/" />
<meta property="og:locale" content="de_DE" />
<meta property="og:type" content="article" />
<meta property="og:title" content="Wohnungen - Ferien Bergün" />
<meta property="og:description" content="Unsere beiden Ferienwohnungen sind im Nebengebäude des ehemaligen Sporthotels – direkt am Fuße der beiden Schlittenbahnen Preda-Bergün und Darlux-Bergün. Eine ist etwas kleiner, für 2 Erwachsene und ein Kind und eine größere ebenfalls mit Platz bis zu drei Personen, mit separatem Schlafzimmer. Beide sind komplett ausgestattet, verfügen über Fußbodenheizung UND Kamin. Auf beiden Terrassen – [&hellip;]" />
<meta property="og:url" content="https://ferien-berguen.ch/index.php/wohnungen/" />
<meta property="og:site_name" content="Ferien Bergün" />
<meta property="article:modified_time" content="2024-12-04T11:09:32+00:00" />
<meta property="og:image" content="https://ferien-berguen.ch/wp-content/uploads/2017/08/JD600465-5.jpg" />
	<meta property="og:image:width" content="2816" />
	<meta property="og:image:height" content="1882" />
	<meta property="og:image:type" content="image/jpeg" />
<meta name="twitter:card" content="summary_large_image" />
<meta name="twitter:label1" content="Geschätzte Lesezeit" />
	<meta name="twitter:data1" content="2 Minuten" />
<script type="application/ld+json" class="yoast-schema-graph">{"@context":"https://schema.org","@graph":[{"@type":"WebPage","@id":"https://ferien-berguen.ch/index.php/wohnungen/","url":"https://ferien-berguen.ch/index.php/wohnungen/","name":"Wohnungen - Ferien Bergün","isPartOf":{"@id":"https://ferien-berguen.ch/#website"},"primaryImageOfPage":{"@id":"https://ferien-berguen.ch/index.php/wohnungen/#primaryimage"},"image":{"@id":"https://ferien-berguen.ch/index.php/wohnungen/#primaryimage"},"thumbnailUrl":"https://ferien-berguen.ch/wp-content/uploads/2017/08/JD600465-5.jpg","datePublished":"2017-08-22T16:55:33+00:00","dateModified":"2024-12-04T11:09:32+00:00","breadcrumb":{"@id":"https://ferien-berguen.ch/index.php/wohnungen/#breadcrumb"},"inLanguage":"de","potentialAction":[{"@type":"ReadAction","target":["https://ferien-berguen.ch/index.php/wohnungen/"]}]},{"@type":"ImageObject","inLanguage":"de","@id":"https://ferien-berguen.ch/index.php/wohnungen/#primaryimage","url":"https://ferien-berguen.ch/wp-content/uploads/2017/08/JD600465-5.jpg","contentUrl":"https://ferien-berguen.ch/wp-content/uploads/2017/08/JD600465-5.jpg","width":2816,"height":1882,"caption":"Haus - Außen - Sommer"},{"@type":"BreadcrumbList","@id":"https://ferien-berguen.ch/index.php/wohnungen/#breadcrumb","itemListElement":[{"@type":"ListItem","position":1,"name":"Startseite","item":"https://ferien-berguen.ch/"},{"@type":"ListItem","position":2,"name":"Wohnungen"}]},{"@type":"WebSite","@id":"https://ferien-berguen.ch/#website","url":"https://ferien-berguen.ch/","name":"Ferien Bergün","description":"Ferienwohnung in der Schweiz von privat mieten","publisher":{"@id":"https://ferien-berguen.ch/#organization"},"potentialAction":[{"@type":"SearchAction","target":{"@type":"EntryPoint","urlTemplate":"https://ferien-berguen.ch/?s={search_term_string}"},"query-input":{"@type":"PropertyValueSpecification","valueRequired":true,"valueName":"search_term_string"}}],"inLanguage":"de"},{"@type":"Organization","@id":"https://ferien-berguen.ch/#organization","name":"Ferien Bergün","url":"https://ferien-berguen.ch/","logo":{"@type":"ImageObject","inLanguage":"de","@id":"https://ferien-berguen.ch/#/schema/logo/image/","url":"https://ferien-berguen.ch/wp-content/uploads/2017/09/f535cbe0-5bd7-479f-b0c9-c1f174eba5c9.png","contentUrl":"https://ferien-berguen.ch/wp-content/uploads/2017/09/f535cbe0-5bd7-479f-b0c9-c1f174eba5c9.png","width":200,"height":200,"caption":"Ferien Bergün"},"image":{"@id":"https://ferien-berguen.ch/#/schema/logo/image/"}}]}</script>
<!-- / Yoast SEO plugin. -->

Wohnungen - Ferien Bergün

Unsere beiden Ferienwohnungen sind im Nebengebäude des ehemaligen Sporthotels – direkt am Fuße der beiden Schlittenbahnen Preda-Bergün und Darlux-Bergün. Eine ist etwas kleiner, für 2 Erwachsene und ein Kind und eine größere ebenfalls mit Platz bis zu drei Personen, mit separatem Schlafzimmer. Beide sind komplett ausgestattet, verfügen über Fußbodenheizung UND Kamin. Auf beiden Terrassen – [&hellip;]

Ferien Bergün

Haus - Außen - Sommer
