{"id":222,"date":"2017-10-16T14:15:53","date_gmt":"2017-10-16T12:15:53","guid":{"rendered":"https:\/\/ferien-berguen.ch\/?page_id=222"},"modified":"2021-08-01T14:30:09","modified_gmt":"2021-08-01T12:30:09","slug":"agb","status":"publish","type":"page","link":"https:\/\/ferien-berguen.ch\/index.php\/agb\/","title":{"rendered":"AGB"},"content":{"rendered":"<p style=\"text-align: left;\"><strong>AGB f\u00fcr die Vermietung der Ferienwohnungen<\/strong><\/p>\n<p style=\"text-align: left;\"><a href=\"#para1\">\u00a7 1 Buchung\/Buchungsbest\u00e4tigung<\/a><br \/>\n<a href=\"#para2\">\u00a7 2 Zahlungsbedingungen<\/a><br \/>\n<a href=\"#para3\">\u00a7 3 An- und Abreise<\/a><br \/>\n<a href=\"#para4\">\u00a7 4 Ferienwohnungen<\/a><br \/>\n<a href=\"#para5\">\u00a7 5 Aufenthalt<\/a><br \/>\n<a href=\"#para6\">\u00a7 6 Reiser\u00fccktritt<\/a><br \/>\n<a href=\"#para7\">\u00a7 7 R\u00fccktritt durch den Vermieter<\/a><br \/>\n<a href=\"#para8\">\u00a7 8 Haftung des Vermieters<\/a><br \/>\n<a href=\"#para9\">\u00a7 9 Schriftform<\/a><br \/>\n<a href=\"#para10\">\u00a7 10 Salvatorische Klausel<\/a><br \/>\n<a href=\"#para11\">\u00a7 11 Allgemeines<\/a><\/p>\n<h3 style=\"text-align: left;\"><strong id=\"para1\">\u00a7 1 Buchung\/Buchungsbest\u00e4tigung<\/strong><\/h3>\n<p><strong>\u00a0<\/strong><br \/>\nBuchungsw\u00fcnsche geben Sie bitte \u00fcber die Buchungsanfrage ein oder richten Sie bitte schriftlich an: buchung@ferien-berguen.ch \u00a0oder rufen uns an.<\/p>\n<p style=\"text-align: left;\">K\u00f6nnen wir Ihnen die gew\u00fcnschte Ferienwohnung in dem gew\u00fcnschten Zeitraum bereitstellen, erhalten Sie von uns eine schriftliche Best\u00e4tigung der gebuchten Ferienwohnung sowie die Rechnung. Die Reservierung f\u00fcr die Ferienwohnung ist mit Erhalt der Buchungsbest\u00e4tigung, sowie nach erfolgter Anzahlung (siehe \u00a72) rechtskr\u00e4ftig.<\/p>\n<h3 style=\"text-align: left;\"><strong id=\"para2\">\u00a7 2 Zahlungsbedingungen<\/strong><\/h3>\n<p><strong>\u00a0<\/strong><br \/>\nDie Anzahlung in H\u00f6he von ca. 30% der Gesamtsumme ist sofort nach der Buchungsbest\u00e4tigung auf unser Konto zu \u00fcberweisen. Die Restzahlung ist bis sp\u00e4testens 14 Tage vor Anreise f\u00e4llig. Bei kurzfristigen Buchungen sofort nach Rechnungserhalt.<\/p>\n<p style=\"text-align: left;\">Bei Zahlungsverzug sind wir berechtigt, die jeweils geltenden gesetzlichen Verzugszinsen in H\u00f6he von derzeit 5% \u00fcber dem Basiszinssatz zu verlangen. \u00a0F\u00fcr jede Mahnung nach Verzugseintritt hat der Mieter Mahnkosten in H\u00f6he von 15 Euro an uns zu erstatten. Alle weiteren Kosten, die im Rahmen des Inkassos anfallen, tr\u00e4gt der Mieter. Kosten der Zahlung, insbesondere bei \u00dcberweisung aus dem Ausland, tr\u00e4gt der Mieter. Alle Bank\u00fcberweisungsgeb\u00fchren sind vollst\u00e4ndig vom Mieter zu tragen, d.h. unserem Bankkonto ist der volle Rechnungsbetrag spesenfrei gutzuschreiben. Wir akzeptieren ausschlie\u00dflich Zahlungen per \u00dcberweisung oder nach Absprache Bargeldzahlungen, keine Schecks.<\/p>\n<h3 style=\"text-align: left;\"><strong id=\"para3\">\u00a7 3 An- und Abreise<\/strong><\/h3>\n<p style=\"text-align: left;\">Am Anreisetag steht die Ferienwohnung ab 16:00 Uhr zur Verf\u00fcgung. Sollte die Anreise nach 22:00 Uhr erfolgen, muss dies vorher abgesprochen werden. Die Schl\u00fcssel\u00fcbergabe erfolgt in unserem Mietobjekt, (s. Infoblatt) Schadensersatzanspr\u00fcche k\u00f6nnen nicht geltend gemacht werden, wenn die Ferienwohnung ausnahmsweise nicht p\u00fcnktlich um 16:00 Uhr bezogen werden kann.<\/p>\n<p style=\"text-align: left;\">Am Abreisetag ist die Wohnung bis 10:00 Uhr morgens zu r\u00e4umen. Der Vermieter beh\u00e4lt sich vor, eine versp\u00e4tete Abreise in Rechnung zu stellen. Die Wohnung\u00a0 ist am Abreisetag besenrein zu hinterlassen. Das Geschirr, Gl\u00e4ser, usw. sind zu reinigen. Ferner muss die Benutzung eines vorhandenen Geschirrsp\u00fclers beendet und ausger\u00e4umt sein, die M\u00fclleimer entleert und der K\u00fchlschrank\u00a0ausger\u00e4umt sein.<\/p>\n<h3 style=\"text-align: left;\"><strong id=\"para4\">\u00a7 4 Ferienwohnungen<\/strong><\/h3>\n<p style=\"text-align: left;\">Die Ferienwohnung wird vom Vermieter in einem ordentlichen und sauberen Zustand mit vollst\u00e4ndigem Inventar \u00fcbergeben. Sollten M\u00e4ngel bestehen oder w\u00e4hrend der Mietzeit auftreten, ist der Vermieter hiervon unverz\u00fcglich in Kenntnis zu setzen. Der Mieter haftet f\u00fcr die von ihm verursachten Sch\u00e4den am Mietobjekt, dem Inventar und den Gemeinschaftseinrichtungen, z.B. kaputtes Geschirr, Sch\u00e4den am Fu\u00dfboden oder am Mobiliar. Hierzu z\u00e4hlen auch die Kosten f\u00fcr verlorene Schl\u00fcssel (Schlie\u00dfanlage).<\/p>\n<p style=\"text-align: left;\">Das Inventar ist schonend und pfleglich zu behandeln und nur f\u00fcr den Verbleib in den Ferienwohnungen vorgesehen. Der Mieter haftet auch f\u00fcr das Verschulden seiner Mitreisenden. Entstandene Sch\u00e4den durch h\u00f6here Gewalt sind hiervon ausgeschlossen. Bei vertragswidrigem Gebrauch der Ferienwohnung, wie Untervermietung, \u00dcberbelegung, St\u00f6rung des Hausfriedens etc., sowie bei Nichtzahlung des vollen Mietpreises kann der Vertrag fristlos gek\u00fcndigt werden. Der bereits gezahlte Mietzins bleibt bei dem Vermieter.<\/p>\n<p style=\"text-align: left;\">Sollte eine Haftpflichtversicherung bestehen, ist der Schaden der Versicherung zu melden. Dem Vermieter ist der Name und Anschrift, sowie die Versicherungsnummer der Versicherung mitzuteilen.<\/p>\n<h3 style=\"text-align: left;\"><strong id=\"para5\">\u00a7 5 Aufenthalt<\/strong><\/h3>\n<p style=\"text-align: left;\">Die Ferienwohnung darf nur von den in der Buchung aufgef\u00fchrten Personen benutzt werden. Sollte die Wohnung von mehr Personen als vereinbart benutzt werden, ist f\u00fcr diese ein gesondertes Entgelt zu zahlen, welches sich im Mietpreis bestimmt. Der Vermieter hat zudem in diesem Fall das Recht den Mietvertrag fristlos zu k\u00fcndigen.<\/p>\n<p style=\"text-align: left;\">Eine Untervermietung und \u00dcberlassung der Wohnung an Dritte ist nicht erlaubt. Der Mietvertrag darf nicht an dritte Person weitergegeben werden.<\/p>\n<p style=\"text-align: left;\">Der Mieter erkl\u00e4rt sich den Allgemeinen Gesch\u00e4ftsbedingungen der Ferienwohnungen von Frau Boerma, sowie der Hausordnung &#8211; soweit eine solche zum Mietobjekt geh\u00f6rt &#8211; einverstanden. Die Einverst\u00e4ndniserkl\u00e4rung erfolgt mit der Zahlung.<\/p>\n<p style=\"text-align: left;\">Bei Verst\u00f6\u00dfen gegen die AGB\u00b4s oder die Hausordnung ist der Vermieter berechtigt, das Mietverh\u00e4ltnis sofort und fristlos zu k\u00fcndigen. Ein Rechtsanspruch auf R\u00fcckzahlung des Mietzinses oder eine Entsch\u00e4digung besteht nicht.<\/p>\n<h3 style=\"text-align: left;\"><strong id=\"para6\">\u00a7 6 Reiser\u00fccktritt<\/strong><\/h3>\n<p style=\"text-align: left;\">Ein notwendiger R\u00fccktritt von der Reise muss schriftlich mitgeteilt werden.\u00a0 Im Falle des R\u00fccktritts 120 bis 61 Tage vor Anreise berechnen wir eine Stornogeb\u00fchr von 50 % des Gesamtpreises. Weniger als 60 Tage sowie No-Show stellen wir den vollen Betrag ( 100 % ) \u00a0in Rechnung.\u00a0 Der Abschluss einer Reise-R\u00fccktrittskosten-\/-Abbruchversicherung wird empfohlen.<\/p>\n<h3 style=\"text-align: left;\"><strong id=\"para7\">\u00a7 7 R\u00fccktritt durch den Vermieter<\/strong><\/h3>\n<p style=\"text-align: left;\">Im Falle einer Absage von unserer Seite, in Folge h\u00f6herer Gewalt oder anderer unvorhersehbarer Umst\u00e4nde (wie z.B. bei Unfall oder Krankheit der Gastgeber) sowie andere nicht zu vertretende Umst\u00e4nde die Erf\u00fcllung unm\u00f6glich machen; beschr\u00e4nkt sich die Haftung auf die R\u00fcckerstattung der Kosten. Bei berechtigtem R\u00fccktritt entsteht kein Anspruch des Kunden auf Schadensersatz &#8211; eine Haftung f\u00fcr Anreise- und Hotelkosten wird nicht \u00fcbernommen.<\/p>\n<p style=\"text-align: left;\">Ein R\u00fccktritt durch den Vermieter kann nach Mietbeginn ohne Einhaltung einer Frist erfolgen, wenn der Mieter andere Mieter trotz Abmahnung nachhaltig st\u00f6rt oder sich in solchem Ma\u00dfe vertragswidrig verh\u00e4lt, dass die sofortige Aufhebung des Mietvertrages gerechtfertigt ist.<\/p>\n<h3 style=\"text-align: left;\"><strong id=\"para8\">\u00a7 8 Haftung des Vermieters<\/strong><\/h3>\n<p style=\"text-align: left;\">Der Vermieter haftet im Rahmen der Sorgfaltspflicht eines ordentlichen Kaufmanns f\u00fcr die ordentliche Bereitstellung des Mietobjekts. Eine Haftung f\u00fcr eventuelle Ausf\u00e4lle bzw. St\u00f6rungen, \u00a0welche au\u00dferhalb des Einwirkungsbereichs von uns liegen, wie unterbrochene Zufahrten, gesperrte Autostra\u00dfen, erh\u00f6hte L\u00e4rmemissionen, Stromausfall, Umweltkatastrophen, politische Unruhen, Streik, \u00d6ffnungszeiten von touristischen Einrichtungen sowie Diebstahl von Wertgegenst\u00e4nden wie Kostbarkeiten, Schmuck, Bargeld, Schecks, Kreditkarten, Pelze, Foto- und Videokameras, Telekommunikationsmittel usw., besteht keine Haftung. Bei solchen Vorkommnissen steht dem Gast kein Recht zur Vertragsaufl\u00f6sung, Arrangementpreisminderung oder Schadenersatz zu.<\/p>\n<h3 style=\"text-align: left;\"><strong id=\"para9\">\u00a7 9 Schriftform<\/strong><\/h3>\n<p style=\"text-align: left;\">Andere als in diesem Vertrag aufgef\u00fchrten Vereinbarungen bestehen nicht. M\u00fcndliche Absprachen wurden nicht getroffen. Die allgemeinen Gesch\u00e4ftsbedingungen werden akzeptiert mit \u00dcberweisung der Anzahlung.<\/p>\n<h3 style=\"text-align: left;\"><strong id=\"para10\">\u00a7 10 Salvatorische Klausel<\/strong><\/h3>\n<p style=\"text-align: left;\">Sollte eine der zuvor beschriebenen Mietbedingungen rechtsung\u00fcltig sein, so wird diese durch eine sinngem\u00e4\u00df am n\u00e4chsten kommende Regelung ersetzt. Die anderen Mietbedingungen bleiben davon unber\u00fchrt und weiterhin g\u00fcltig.<\/p>\n<h3 style=\"text-align: left;\"><strong id=\"para11\">\u00a7 11 Allgemeines<\/strong><\/h3>\n<p><strong>\u00a0<\/strong><br \/>\nDer Kunde erkl\u00e4rt sich mit der Verarbeitung seiner Daten einverstanden, soweit diese im Rahmen der Zweckbestimmung der Rechtsbeziehung liegt.<\/p>\n<p style=\"text-align: left;\">F\u00fcr die Mitnahme von Haustieren ist die vorherige Zustimmung vom Vermieter erforderlich. Der Mieter haftet f\u00fcr s\u00e4mtliche vom Tier verursachten Sch\u00e4den.<\/p>\n<p style=\"text-align: left;\">Das Rauchen ist nur drau\u00dfen auf dem Hof oder auf dem Balkon\/den Loggien gestattet.<\/p>\n<p>&nbsp;<\/p>\n<p style=\"text-align: right;\">Stand 01.2021<\/p>\n<p>&nbsp;<\/p>\n","protected":false},"excerpt":{"rendered":"<p>AGB f\u00fcr die Vermietung der Ferienwohnungen \u00a7 1 Buchung\/Buchungsbest\u00e4tigung \u00a7 2 Zahlungsbedingungen \u00a7 3 An- und Abreise \u00a7 4 Ferienwohnungen \u00a7 5 Aufenthalt \u00a7 6 Reiser\u00fccktritt \u00a7 7 R\u00fccktritt durch den Vermieter \u00a7 8 Haftung des Vermieters \u00a7 9 Schriftform \u00a7 10 Salvatorische Klausel \u00a7 11 Allgemeines \u00a7 1 Buchung\/Buchungsbest\u00e4tigung \u00a0 Buchungsw\u00fcnsche geben Sie bitte [&hellip;]<\/p>\n","protected":false},"author":3,"featured_media":189,"parent":0,"menu_order":0,"comment_status":"closed","ping_status":"closed","template":"","meta":{"pgc_sgb_lightbox_settings":"","footnotes":""},"class_list":["post-222","page","type-page","status-publish","has-post-thumbnail","hentry"],"yoast_head":"<!-- This site is optimized with the Yoast SEO plugin v23.5 - https:\/\/yoast.com\/wordpress\/plugins\/seo\/ -->\n<title>AGB - Ferien Berg\u00fcn<\/title>\n<meta name=\"description\" content=\"AGB | Allgemeine Gesch\u00e4ftsbedingungen f\u00fcr die Vermietung von Wohnungen bei Ferien Berg\u00fcn.\" \/>\n<meta name=\"robots\" content=\"index, follow, max-snippet:-1, max-image-preview:large, max-video-preview:-1\" \/>\n<link rel=\"canonical\" href=\"https:\/\/ferien-berguen.ch\/index.php\/agb\/\" \/>\n<meta property=\"og:locale\" content=\"de_DE\" \/>\n<meta property=\"og:type\" content=\"article\" \/>\n<meta property=\"og:title\" content=\"AGB - Ferien Berg\u00fcn\" \/>\n<meta property=\"og:description\" content=\"AGB | Allgemeine Gesch\u00e4ftsbedingungen f\u00fcr die Vermietung von Wohnungen bei Ferien Berg\u00fcn.\" \/>\n<meta property=\"og:url\" content=\"https:\/\/ferien-berguen.ch\/index.php\/agb\/\" \/>\n<meta property=\"og:site_name\" content=\"Ferien Berg\u00fcn\" \/>\n<meta property=\"article:modified_time\" content=\"2021-08-01T12:30:09+00:00\" \/>\n<meta property=\"og:image\" content=\"https:\/\/ferien-berguen.ch\/wp-content\/uploads\/2017\/09\/ipad-025-1024x768.jpg\" \/>\n\t<meta property=\"og:image:width\" content=\"1024\" \/>\n\t<meta property=\"og:image:height\" content=\"768\" \/>\n\t<meta property=\"og:image:type\" content=\"image\/jpeg\" \/>\n<meta name=\"twitter:card\" content=\"summary_large_image\" \/>\n<meta name=\"twitter:label1\" content=\"Gesch\u00e4tzte Lesezeit\" \/>\n\t<meta name=\"twitter:data1\" content=\"5\u00a0Minuten\" \/>\n<script type=\"application\/ld+json\" class=\"yoast-schema-graph\">{\"@context\":\"https:\/\/schema.org\",\"@graph\":[{\"@type\":\"WebPage\",\"@id\":\"https:\/\/ferien-berguen.ch\/index.php\/agb\/\",\"url\":\"https:\/\/ferien-berguen.ch\/index.php\/agb\/\",\"name\":\"AGB - Ferien Berg\u00fcn\",\"isPartOf\":{\"@id\":\"https:\/\/ferien-berguen.ch\/#website\"},\"primaryImageOfPage\":{\"@id\":\"https:\/\/ferien-berguen.ch\/index.php\/agb\/#primaryimage\"},\"image\":{\"@id\":\"https:\/\/ferien-berguen.ch\/index.php\/agb\/#primaryimage\"},\"thumbnailUrl\":\"https:\/\/ferien-berguen.ch\/wp-content\/uploads\/2017\/09\/ipad-025.jpg\",\"datePublished\":\"2017-10-16T12:15:53+00:00\",\"dateModified\":\"2021-08-01T12:30:09+00:00\",\"description\":\"AGB | Allgemeine Gesch\u00e4ftsbedingungen f\u00fcr die Vermietung von Wohnungen bei Ferien Berg\u00fcn.\",\"breadcrumb\":{\"@id\":\"https:\/\/ferien-berguen.ch\/index.php\/agb\/#breadcrumb\"},\"inLanguage\":\"de\",\"potentialAction\":[{\"@type\":\"ReadAction\",\"target\":[\"https:\/\/ferien-berguen.ch\/index.php\/agb\/\"]}]},{\"@type\":\"ImageObject\",\"inLanguage\":\"de\",\"@id\":\"https:\/\/ferien-berguen.ch\/index.php\/agb\/#primaryimage\",\"url\":\"https:\/\/ferien-berguen.ch\/wp-content\/uploads\/2017\/09\/ipad-025.jpg\",\"contentUrl\":\"https:\/\/ferien-berguen.ch\/wp-content\/uploads\/2017\/09\/ipad-025.jpg\",\"width\":3264,\"height\":2448,\"caption\":\"Blick von der Terasse auf den Piz Ela, unser Hausberg\"},{\"@type\":\"BreadcrumbList\",\"@id\":\"https:\/\/ferien-berguen.ch\/index.php\/agb\/#breadcrumb\",\"itemListElement\":[{\"@type\":\"ListItem\",\"position\":1,\"name\":\"Startseite\",\"item\":\"https:\/\/ferien-berguen.ch\/\"},{\"@type\":\"ListItem\",\"position\":2,\"name\":\"AGB\"}]},{\"@type\":\"WebSite\",\"@id\":\"https:\/\/ferien-berguen.ch\/#website\",\"url\":\"https:\/\/ferien-berguen.ch\/\",\"name\":\"Ferien Berg\u00fcn\",\"description\":\"Ferienwohnung in der Schweiz von privat mieten\",\"publisher\":{\"@id\":\"https:\/\/ferien-berguen.ch\/#organization\"},\"potentialAction\":[{\"@type\":\"SearchAction\",\"target\":{\"@type\":\"EntryPoint\",\"urlTemplate\":\"https:\/\/ferien-berguen.ch\/?s={search_term_string}\"},\"query-input\":{\"@type\":\"PropertyValueSpecification\",\"valueRequired\":true,\"valueName\":\"search_term_string\"}}],\"inLanguage\":\"de\"},{\"@type\":\"Organization\",\"@id\":\"https:\/\/ferien-berguen.ch\/#organization\",\"name\":\"Ferien Berg\u00fcn\",\"url\":\"https:\/\/ferien-berguen.ch\/\",\"logo\":{\"@type\":\"ImageObject\",\"inLanguage\":\"de\",\"@id\":\"https:\/\/ferien-berguen.ch\/#\/schema\/logo\/image\/\",\"url\":\"https:\/\/ferien-berguen.ch\/wp-content\/uploads\/2017\/09\/f535cbe0-5bd7-479f-b0c9-c1f174eba5c9.png\",\"contentUrl\":\"https:\/\/ferien-berguen.ch\/wp-content\/uploads\/2017\/09\/f535cbe0-5bd7-479f-b0c9-c1f174eba5c9.png\",\"width\":200,\"height\":200,\"caption\":\"Ferien Berg\u00fcn\"},\"image\":{\"@id\":\"https:\/\/ferien-berguen.ch\/#\/schema\/logo\/image\/\"}}]}<\/script>\n<!-- \/ Yoast SEO plugin. -->","yoast_head_json":{"title":"AGB - Ferien Berg\u00fcn","description":"AGB | Allgemeine Gesch\u00e4ftsbedingungen f\u00fcr die Vermietung von Wohnungen bei Ferien Berg\u00fcn.","robots":{"index":"index","follow":"follow","max-snippet":"max-snippet:-1","max-image-preview":"max-image-preview:large","max-video-preview":"max-video-preview:-1"},"canonical":"https:\/\/ferien-berguen.ch\/index.php\/agb\/","og_locale":"de_DE","og_type":"article","og_title":"AGB - Ferien Berg\u00fcn","og_description":"AGB | Allgemeine Gesch\u00e4ftsbedingungen f\u00fcr die Vermietung von Wohnungen bei Ferien Berg\u00fcn.","og_url":"https:\/\/ferien-berguen.ch\/index.php\/agb\/","og_site_name":"Ferien Berg\u00fcn","article_modified_time":"2021-08-01T12:30:09+00:00","og_image":[{"width":1024,"height":768,"url":"https:\/\/ferien-berguen.ch\/wp-content\/uploads\/2017\/09\/ipad-025-1024x768.jpg","type":"image\/jpeg"}],"twitter_card":"summary_large_image","twitter_misc":{"Gesch\u00e4tzte Lesezeit":"5\u00a0Minuten"},"schema":{"@context":"https:\/\/schema.org","@graph":[{"@type":"WebPage","@id":"https:\/\/ferien-berguen.ch\/index.php\/agb\/","url":"https:\/\/ferien-berguen.ch\/index.php\/agb\/","name":"AGB - Ferien Berg\u00fcn","isPartOf":{"@id":"https:\/\/ferien-berguen.ch\/#website"},"primaryImageOfPage":{"@id":"https:\/\/ferien-berguen.ch\/index.php\/agb\/#primaryimage"},"image":{"@id":"https:\/\/ferien-berguen.ch\/index.php\/agb\/#primaryimage"},"thumbnailUrl":"https:\/\/ferien-berguen.ch\/wp-content\/uploads\/2017\/09\/ipad-025.jpg","datePublished":"2017-10-16T12:15:53+00:00","dateModified":"2021-08-01T12:30:09+00:00","description":"AGB | Allgemeine Gesch\u00e4ftsbedingungen f\u00fcr die Vermietung von Wohnungen bei Ferien Berg\u00fcn.","breadcrumb":{"@id":"https:\/\/ferien-berguen.ch\/index.php\/agb\/#breadcrumb"},"inLanguage":"de","potentialAction":[{"@type":"ReadAction","target":["https:\/\/ferien-berguen.ch\/index.php\/agb\/"]}]},{"@type":"ImageObject","inLanguage":"de","@id":"https:\/\/ferien-berguen.ch\/index.php\/agb\/#primaryimage","url":"https:\/\/ferien-berguen.ch\/wp-content\/uploads\/2017\/09\/ipad-025.jpg","contentUrl":"https:\/\/ferien-berguen.ch\/wp-content\/uploads\/2017\/09\/ipad-025.jpg","width":3264,"height":2448,"caption":"Blick von der Terasse auf den Piz Ela, unser Hausberg"},{"@type":"BreadcrumbList","@id":"https:\/\/ferien-berguen.ch\/index.php\/agb\/#breadcrumb","itemListElement":[{"@type":"ListItem","position":1,"name":"Startseite","item":"https:\/\/ferien-berguen.ch\/"},{"@type":"ListItem","position":2,"name":"AGB"}]},{"@type":"WebSite","@id":"https:\/\/ferien-berguen.ch\/#website","url":"https:\/\/ferien-berguen.ch\/","name":"Ferien Berg\u00fcn","description":"Ferienwohnung in der Schweiz von privat mieten","publisher":{"@id":"https:\/\/ferien-berguen.ch\/#organization"},"potentialAction":[{"@type":"SearchAction","target":{"@type":"EntryPoint","urlTemplate":"https:\/\/ferien-berguen.ch\/?s={search_term_string}"},"query-input":{"@type":"PropertyValueSpecification","valueRequired":true,"valueName":"search_term_string"}}],"inLanguage":"de"},{"@type":"Organization","@id":"https:\/\/ferien-berguen.ch\/#organization","name":"Ferien Berg\u00fcn","url":"https:\/\/ferien-berguen.ch\/","logo":{"@type":"ImageObject","inLanguage":"de","@id":"https:\/\/ferien-berguen.ch\/#\/schema\/logo\/image\/","url":"https:\/\/ferien-berguen.ch\/wp-content\/uploads\/2017\/09\/f535cbe0-5bd7-479f-b0c9-c1f174eba5c9.png","contentUrl":"https:\/\/ferien-berguen.ch\/wp-content\/uploads\/2017\/09\/f535cbe0-5bd7-479f-b0c9-c1f174eba5c9.png","width":200,"height":200,"caption":"Ferien Berg\u00fcn"},"image":{"@id":"https:\/\/ferien-berguen.ch\/#\/schema\/logo\/image\/"}}]}},"_links":{"self":[{"href":"https:\/\/ferien-berguen.ch\/index.php\/wp-json\/wp\/v2\/pages\/222","targetHints":{"allow":["GET"]}}],"collection":[{"href":"https:\/\/ferien-berguen.ch\/index.php\/wp-json\/wp\/v2\/pages"}],"about":[{"href":"https:\/\/ferien-berguen.ch\/index.php\/wp-json\/wp\/v2\/types\/page"}],"author":[{"embeddable":true,"href":"https:\/\/ferien-berguen.ch\/index.php\/wp-json\/wp\/v2\/users\/3"}],"replies":[{"embeddable":true,"href":"https:\/\/ferien-berguen.ch\/index.php\/wp-json\/wp\/v2\/comments?post=222"}],"version-history":[{"count":25,"href":"https:\/\/ferien-berguen.ch\/index.php\/wp-json\/wp\/v2\/pages\/222\/revisions"}],"predecessor-version":[{"id":11117,"href":"https:\/\/ferien-berguen.ch\/index.php\/wp-json\/wp\/v2\/pages\/222\/revisions\/11117"}],"wp:featuredmedia":[{"embeddable":true,"href":"https:\/\/ferien-berguen.ch\/index.php\/wp-json\/wp\/v2\/media\/189"}],"wp:attachment":[{"href":"https:\/\/ferien-berguen.ch\/index.php\/wp-json\/wp\/v2\/media?parent=222"}],"curies":[{"name":"wp","href":"https:\/\/api.w.org\/{rel}","templated":true}]}}